913?
False
Does 72 divide 137268720?
True
Is 49 a factor of 27692993?
False
Is 248000928 a multiple of 32?
True
Does 409 divide 12135417?
False
Is 35439888 a multiple of 22?
True
Is 2489 a factor of 105448888?
False
Is 1689708064 a multiple of 136?
True
Does 351 divide 739175522?
False
Does 14 divide 12914924?
False
Is 60738468 a multiple of 84?
True
Is 4020 a factor of 522318600?
True
Does 143 divide 5246891221?
True
Is 848947365 a multiple of 21?
True
Does 198 divide 19487160?
True
Is 181359709 a multiple of 20?
False
Is 9463351 a multiple of 8?
False
Is 1778619 a multiple of 50?
False
Is 14384340 a multiple of 90?
True
Is 15 a factor of 49278765?
True
Is 13 a factor of 689458497?
True
Is 399536082 a multiple of 46?
True
Is 660 a factor of 198210540?
True
Does 933 divide 105283452?
True
Is 44 a factor of 1392775548?
False
Does 14 divide 1612701216?
True
Is 6414208 a multiple of 8?
True
Is 2755634530 a multiple of 11?
True
Does 951 divide 108507774?
False
Is 20 a factor of 3002857196?
False
Does 22 divide 91984373?
False
Is 11705274 a multiple of 126?
True
Is 779 a factor of 1561116?
True
Is 542956 a multiple of 101?
False
Is 2104117865 a multiple of 182?
False
Is 476 a factor of 110424384?
True
Does 56 divide 956759384?
True
Is 578971278 a multiple of 18?
True
Is 1169592199 a multiple of 41?
True
Does 173 divide 8906177?
False
Does 606 divide 117682170?
True
Is 27187250 a multiple of 250?
True
Is 631414344 a multiple of 12?
True
Is 7 a factor of 1393?
True
Is 719281191 a multiple of 73?
True
Is 5 a factor of 240204679?
False
Does 2680 divide 310188560?
True
Is 308813267 a multiple of 125?
False
Does 6340 divide 2709519460?
True
Is 102409480 a multiple of 1450?
False
Is 87702754 a multiple of 73?
False
Is 200610740 a multiple of 633?
False
Does 21 divide 616542533?
False
Is 75 a factor of 14102411?
False
Is 1020 a factor of 180886714?
False
Is 123 a factor of 913276353?
True
Is 44861040 a multiple of 84?
True
Is 9 a factor of 4530897?
True
Is 13883236 a multiple of 188?
True
Is 25 a factor of 56107300?
True
Is 3270 a factor of 519688020?
True
Is 2676655 a multiple of 22?
False
Does 17 divide 30329003?
True
Is 46184598 a multiple of 397?
True
Is 17809442 a multiple of 6?
False
Is 41513816 a multiple of 562?
True
Is 15240670 a multiple of 210?
False
Does 18 divide 68436882?
True
Does 75 divide 111382650?
True
Is 21 a factor of 6538156?
False
Does 523 divide 91798006?
True
Is 639733939 a multiple of 18?
False
Does 30 divide 449428024?
False
Is 219677107 a multiple of 247?
True
Does 4 divide 48935672?
True
Is 64580628 a multiple of 6?
True
Is 241 a factor of 24665595?
False
Is 48 a factor of 375281136?
True
Does 30 divide 3108668581?
False
Does 313 divide 2322003?
False
Is 14620095 a multiple of 81?
True
Is 17 a factor of 26245949?
False
Does 18 divide 44425206?
True
Does 120 divide 15305898?
False
Is 588 a factor of 1832744844?
True
Is 31520734 a multiple of 38?
True
Is 275 a factor of 341557529?
False
Does 40 divide 51520220?
False
Does 8 divide 13191272?
True
Does 1017 divide 142927146?
True
Is 1485 a factor of 514571314?
False
Does 19 divide 143780999?
True
Is 811013829 a multiple of 140?
False
Does 184 divide 57493528?
False
Does 19 divide 422387827?
False
Is 80 a factor of 975434160?
True
Is 47359039 a multiple of 459?
False
Is 690668716 a multiple of 124?
True
Is 10 a factor of 1060270190?
True
Is 40178717 a multiple of 3170?
False
Is 2049 a factor of 52583487?
True
Is 154 a factor of 324692984?
True
Is 229134549 a multiple of 1558?
False
Is 28 a factor of 20734197?
False
Is 123 a factor of 15538467?
True
Does 5289 divide 88035405?
True
Does 311 divide 200322253?
True
Is 326748534 a multiple of 14?
True
Does 141 divide 5176289892?
False
Does 35 divide 24033625?
True
Does 293 divide 239744330?
False
Is 838 a factor of 658771074?
True
Does 20 divide 1005870960?
True
Is 20937567 a multiple of 1031?
False
Does 133 divide 93844534?
True
Is 1389 a factor of 27950815?
False
Is 1965 a factor of 214843275?
True
Does 191 divide 2235106416?
False
Is 36474847 a multiple of 63?
False
Is 17 a factor of 178009213?
False
Does 5280 divide 1020706085?
False
Is 1005747318 a multiple of 149?
True
Is 1589 a factor of 4152071301?
True
Does 89 divide 8768892?
False
Does 72 divide 66588911?
False
Is 459832464 a multiple of 557?
True
Is 85 a factor of 942231205?
True
Does 8 divide 56483138?
False
Does 2 divide 263007398?
True
Is 89378921 a multiple of 37?
False
Does 39 divide 271853178?
False
Is 328 a factor of 99227092?
False
Is 99273636 a multiple of 236?
True
Is 145 a factor of 67544380?
False
Is 722615809 a multiple of 10027?
True
Does 4133 divide 71699284?
True
Does 2 divide 40544450?
True
Is 2733 a factor of 61924314?
True
Is 1040 a factor of 6016264?
False
Does 331 divide 70298092?
False
Is 32943519 a multiple of 1057?
True
Is 20 a factor of 479456831?
False
Is 119 a factor of 981478821?
False
Is 39568099 a multiple of 157?
False
Does 9 divide 4154270?
False
Does 1081 divide 846241291?
False
Is 19684984 a multiple of 467?
True
Is 32305206 a multiple of 502?
True
Is 589735004 a multiple of 493?
False
Is 96204456 a multiple of 87?
False
Does 3234 divide 7057128078?
True
Does 47 divide 9132297?
False
Does 66 divide 336041244?
True
Does 1069 divide 69016778?
True
Does 5739 divide 656037659?
False
Is 292281246 a multiple of 309?
True
Does 13 divide 218083464?
False
Does 473 divide 100645413?
True
Does 43 divide 4520719?
True
Is 8236276 a multiple of 77?
False
Is 2 a factor of 157715?
False
Is 1387 a factor of 263806013?
True
Is 374926648 a multiple of 31?
True
Is 96 a factor of 37654080?
True
Is 4 a factor of 500319812?
True
Is 25141240 a multiple of 10?
True
Is 274395282 a multiple of 11?
False
Is 744 a factor of 13760638?
False
Does 5 divide 138807305?
True
Does 10 divide 32598950?
True
Does 147 divide 449578626?
True
Is 2710 a factor of 7806394?
False
Does 1605 divide 3139380?
True
Is 215 a factor of 11777915?
True
Is 80599571 a multiple of 55?
False
Is 30486763 a multiple of 41?
False
Does 1521 divide 906141834?
True
Is 13 a factor of 278313191?
True
Does 29 divide 22617110?
False
Is 1188814548 a multiple of 135?
False
Is 17 a factor of 100877856?
False
Is 11 a factor of 145612634?
False
Is 9 a factor of 523123929?
True
Is 115 a factor of 506248418?
False
Is 152339097 a multiple of 57?
False
Is 115 a factor of 35185194?
False
Is 6093303 a multiple of 123?
False
Does 40 divide 2934262600?
True
Is 41975616 a multiple of 12?
True
Is 25465539 a multiple of 67?
False
Is 5322 a factor of 1889182272?
True
Does 835 divide 141209780?
False
Is 1815558037 a multiple of 27?
False
Does 17 divide 189768834?
False
Does 48 divide 93448640?
False
Does 120 divide 44836652?
False
Is 29064931 a multiple of 29?
True
Does 2 divide 7807253?
False
Is 10 a factor of 40202623?
False
Is 4854 a factor of 82377234?
True
Does 109 divide 77910893?
False
Is 39243359 a multiple of 34?
False
Is 3652694770 a multiple of 215?
True
Is 2530208906 a multiple of 73?
False
Is 61 a factor of 44554949?
True
Does 21 divide 71509536?
True
Is 1482218267 a multiple of 12?
False
Does 448 divide 107042880?
True
Does 70 divide 398718837?
False
Does 589 divide 44473034?
True
Is 3337468650 a multiple of 450?
True
Is 529 a factor of 216580535?
True
Does 8 divide 1013914945?
False
Is 89131447 a multiple of 103?
False
Is 85 a factor of 42836823?
False
Is 994 a factor of 777028?
False
Is 16522262 a multiple of 18?
False
Is 7 a factor of 1715609869?
False
Does 12 divide 36194903?
False
Does 22 divide 21538835?
False
Is 78 a factor of 433309500?
True
Does 13 divide 203209331?
True
Does 1409 divide 2318949108?
True
Does 26 divide 75363828?
False
Is 2 a factor of 9124685?
False
Is 47 a factor of 13863026?
True
Is 9 a factor of 206656461?
True
Is 22 a factor of 4619616364?
True
Is 78416261 a multiple of 29?
True
Is 341812088 a multiple of 3809?
False
Is 1326 a factor of 286385502?
True
Is 374280306 a multiple of 24?
False
Is 85693606 a multiple of 253?
False
Is 1767264051 a multiple of 4000?
False
Is 12 a factor of 449136588?
True
Does 99 divide 4359267?
True
Is 43 a factor of 272854568?
False
Does 12 divide 379020?
True
Does 118 divide 19711074?
True
Does 172 divide 165127740?
True
Is 1417 a factor of 607816482?